t - 4*l, l + 65 = h*t. List the prime factors of t.
2, 5
Suppose 7*g - 4*g = 12. Suppose w - 75 = -g*w. What are the prime factors of w*1*8/12?
2, 5
Let f = 16 - -138. List the prime factors of f.
2, 7, 11
Let t(v) = 129*v**2 + 11*v - 11. Let a(h) = -86*h**2 - 7*h + 7. Let y(i) = -8*a(i) - 5*t(i). What are the prime factors of y(-1)?
41
Suppose 4*b - 43 - 157 = 0. Suppose -5*m = -2*m - 90. Let u = b - m. What are the prime factors of u?
2, 5
Suppose -k + 61 + 4 = 0. List the prime factors of k.
5, 13
Suppose 0 = -5*k - 52 + 172. List the prime factors of k.
2, 3
Suppose 0 = -3*c - 4*k + 58, -5*k - 67 = -2*c - 13. List the prime factors of (-1*c - 3)/(-1).
5
Let q = 3 - 1. List the prime factors of q/((-1)/((-51)/6)).
17
Suppose -4 + 5 = -p. Let b be 2 - (-2 - (p + -2)). Suppose q - 11 = -b. What are the prime factors of q?
2, 5
Suppose -n - 4*t = -21, 14 = 4*n - 5*n + 3*t. What are the prime factors of (-1)/(1/(-19 + n))?
2, 3
Let f = -3 + 3. Let r = 2 - f. Suppose 24 = r*p + 2*p. What are the prime factors of p?
2, 3
Let h(w) = -w - 1. Let c be h(-4). Suppose -t + 8 = g, -c*g = t - 4*g. Let j(r) = 2*r. What are the prime factors of j(t)?
2
Suppose 3*y - i - 219 = -14, 2*y - i = 138. List the prime factors of y.
67
Let m(f) = -6*f**3 - f**2 - 5*f + 1. Let j(z) = 5*z**3 + z**2 + 4*z - 2. Let k(o) = -7*j(o) - 6*m(o). List the prime factors of k(0).
2
Let u(o) = o + 16. List the prime factors of u(-9).
7
Let j(d) = -d + 6. Let p be 4*(3 - (-18)/(-8)). Let x be j(p). Suppose -v = -4*o + 40 + 14, -46 = -4*o - x*v. What are the prime factors of o?
13
Let t be (-1 + 0)/((-3)/15). Let s = 9 - t. Let v = s + 4. List the prime factors of v.
2
Suppose 16 = 2*y + 5*h, y - 6*y + 23 = 4*h. Let c(n) = -4*n**2 - y*n**2 - 2 - n**3 + 8 + 8*n. What are the prime factors of c(-8)?
2, 3
Suppose -z - 40 = -3*z. List the prime factors of z.
2, 5
Suppose 6*c + 40 = 4*c. Let b = c + 28. What are the prime factors of b?
2
Let z = -18 - -64. List the prime factors of z.
2, 23
Suppose 4*o + 0*g + 4*g - 16 = 0, 5*g - 5 = 0. Suppose d + d = 4*f + 12, -2*f = o*d - 2. Suppose -2*i = d*i - 20. List the prime factors of i.
5
Let j be 154/(-21) - 2/3. List the prime factors of 2/(-8) - 146/j.
2, 3
Suppose 0 = -3*z - 3*o + 159, -z = -4*z + 2*o + 184. Suppose 2*x + 4 = z. What are the prime factors of x?
3
Let t(o) = 2*o - 6. Let h be (0 + -1)/((-2)/22). List the prime factors of t(h).
2
Let f(c) be the first derivative of c**5/30 + c**4/8 - c**3/3 - c**2/2 - 2. Let r(d) be the second derivative of f(d). What are the prime factors of r(2)?
2, 3
Let n(c) = c**3 - c**2 + 5. Let q(r) = -r - 3. Let i(v) = -v**2 - v - 1. Let j be i(-2). Let u be q(j). What are the prime factors of n(u)?
5
Let v = -136 + 266. List the prime factors of v.
2, 5, 13
Let c = -7 + 14. Suppose -c*g = -2*g - 15. Suppose -g*y + 17 = 4*x, 3*y - 3*x - 5 + 2 = 0. What are the prime factors of y?
3
Suppose 2 = -2*j - p - 12, 22 = -2*j - 5*p. Suppose -l - 45 = -4*l + 2*x, -2*l = -4*x - 38. Let q = l + j. List the prime factors of q.
7
Let d be 1*13*(0 + 1). Let h = d + -8. Suppose 4*o - 20 = 0, c = -3*c - h*o + 65. What are the prime factors of c?
2, 5
Suppose -3*s = 5*d - 99, -3*d - 4*s + 63 = -s. What are the prime factors of d?
2, 3
What are the prime factors of (-820)/(-8) - 3/6?
2, 3, 17
Suppose 2*w + 3*b = -8, -4*b + 5*b + 10 = 3*w. Suppose -w*q = -6*q + 16. What are the prime factors of q?
2
Let a(w) = w**2 + 6*w + 2. Let p be a(-6). Let y = 1 + -1. Suppose -2*o + 5*q + 11 = p*q, y = 5*o + 5*q - 15. List the prime factors of o.
2
Suppose s = 17 - 4. Let o = 44 + s. List the prime factors of o.
3, 19
Suppose -38 - 134 = -4*d. List the prime factors of d.
43
Let u = -62 + 37. Let o = 72 + u. List the prime factors of o.
47
Let l(c) = 48*c + 1. What are the prime factors of l(1)?
7
Let t = -66 + 95. List the prime factors of t.
29
Suppose 6*f = 2*f + 20. Suppose -5*t = f*l, 5 = 5*l - l + 3*t. What are the prime factors of l?
5
Let q(m) = -8*m**3 - 2*m**2 + 2*m + 3. List the prime factors of q(-2).
5, 11
Let f(i) = 11*i + 3. What are the prime factors of f(2)?
5
Let w(c) = -c**2 + c. Let o be w(0). Let g be (-1 - o)*12/(-6). What are the prime factors of g/10 - (-69)/5?
2, 7
Suppose 0 = -v - 4*o + 2, -2*v - 4*o + 20 = 0. Suppose 22*k - v*k = 104. What are the prime factors of k?
2, 13
Suppose 2*y + 2*y - 4*w = 1488, 0 = -5*y - 3*w + 1868. List the prime factors of y.
373
Suppose 2*h = 2*z + 2, -3*z + 5*z = h + 3. List the prime factors of h.
5
Let k be (34 + 2)*60/8. What are the prime factors of k/(-12)*(-8)/6?
2, 3, 5
Let d(k) = 36*k**3 - k**2 + 2*k - 1. What are the prime factors of d(1)?
2, 3
Suppose -4*i + 2*c + 230 = 0, i = -0*c - 4*c + 53. What are the prime factors of i?
3, 19
Suppose 4*m - 4*y = 28, -3*m + 0*y = -5*y - 27. Suppose 5*x = -2*w - 17, -w + 2*x + 1 = -m. What are the prime factors of -11*w*(0 + 1)?
11
Let r = -6 - -11. Suppose -r*u = 2*f - 77, -59 = -4*u + 2*f - 1. What are the prime factors of u?
3, 5
Let t(a) = -a**2 + 10*a - 4. What are the prime factors of t(5)?
3, 7
Suppose 3*j - 15 = 0, -j = -3*r + j + 5. Suppose 0 = -2*k + a + r, 7 = 2*k - 2*a - a. Suppose -q - k = -4. What are the prime factors of q?
2
Let z(n) = -n**3 + 9*n**2 + 3*n + 2. List the prime factors of z(9).
29
Suppose 3*p + 5 = 245. What are the prime factors of p?
2, 5
Let t = -50 + 129. What are the prime factors of t?
79
Suppose a = -2*i + 8, 6*a - 3*a = 2*i. List the prime factors of (-217)/(-14) - (-1)/a.
2
Let a(i) = -i + 7. Let m be a(8). List the prime factors of (-2 - (m - 0))*-2.
2
Suppose 4*u + r = 50, -2*u - 10 = r - 36. Suppose 3*m - u - 45 = 0. Suppose 3*c = 29 + m. What are the prime factors of c?
2
Let k(a) = 2*a**2 - 3*a - 1. Let p be k(-3). Suppose 4*u = 6 + p. List the prime factors of u.
2
Let z(m) = m**3 - 6*m**2 + 3*m + 4. Let b be z(5). Let c(x) = 0*x + 4*x + 3 + x**2 + x. What are the prime factors of c(b)?
3
Let u be 4 + ((-15)/(-3) - 2). Suppose u + 3 = -5*x. Let o(j) = j**2 - j - 1. List the prime factors of o(x).
5
Suppose 5*p - 13 = 7. Suppose -13 = -3*s + 2*r, 3*r - 6 = 6*r. Let q = p + s. List the prime factors of q.
7
Let s(b) = 5*b**3 + 2*b**2 + 2*b + 1. Let p be s(-1). Let g(x) = x**3 + 7*x**2 + 6*x + 3. List the prime factors of g(p).
3
Suppose 5*w + 3*w = 400. List the prime factors of w.
2, 5
Suppose -4*x - 2*p = -92 - 10, -3*x + 80 = -2*p. What are the prime factors of x?
2, 13
Let o(v) = -v + 3. Let m be o(4). What are the prime factors of m/3 + (-39)/(-9)?
2
Suppose 0 = -3*d - 2*d + 5. Suppose 3*y - 11 = 2*y + 2*s, 0 = y - 5*s + d. What are the prime factors of y?
19
Let j = -4 - -5. Let c = j - 2. Let h = 2 - c. What are the prime factors of h?
3
Let n be (-6)/3 - 10/(-2). Suppose -5*i - 3*k + 4*k + 51 = 0, -n*i + 29 = k. List the prime factors of i.
2, 5
Suppose 4*l = 17 - 5. Suppose l*m = m + 6. List the prime factors of (-1)/1 - (0 - m).
2
Let j(d) = -d**2 + 3*d - 1. Let r be j(3). Let m = -4 - r. What are the prime factors of (0 - (m - -2))*3?
3
Let z = -14 + 54. What are the prime factors of z?
2, 5
Let t(b) = 11*b - 7. List the prime factors of t(3).
2, 13
Let r(h) = h - 2. Suppose -15 = -3*k, m + 2*k - 26 = 3*m. Let f be (6/(-4))/(3/m). List the prime factors of r(f).
2
Let n = -26 + 77. List the prime factors of n.
3, 17
Suppose 3*g + 47 + 4 = 0. Let r = g - -29. List the prime factors of r.
2, 3
List the prime factors of (-5 - -1)*(-279)/36.
31
List the prime factors of (-1582)/(-8) - (1 + 5/(-4)).
2, 3, 11
Let u be (-6)/4*16/(-8). Let p(z) = -z**3 + 5*z**2 + 5*z + 8. Let o be p(6). Let j = u + o. List the prime factors of j.
5
Let h = -6 + 16. List the prime factors of 2 + h + (3 - 1).
2, 7
Let q be ((-3)/2)/(2/(-4)). Suppose j + q = 3*z, 0 = 5*z - 2*j + 2 - 6. Suppose -7 = -z*u + 5. What are the prime factors of u?
2, 3
Let p = -8 - -13. Suppose 0 = -5*w - p, -5*k - 2*w + 47 = w. Let v(h) = -h + 13. List the prime factors of v(k).
3
List the prime factors of (-1 - -2)/(5/80).
2
Suppose -4*k = -k. Suppose -5*w - 3*m = -71, 3*w + 4*m + k*m - 36 = 0. List the prime factors of w.
2
Suppose -2*c + 12 = c. Suppose -2*p - 20 = -v, v - 113 = -c*v - 3*p. What are the prime factors of v?
2, 11
List the prime factors of (-182)/(-5) + 12/20.
37
Let r be ((-2)/(-3))/((-1)/6). L